{"version":"1.0","provider_name":"Esbozo Deportivo","provider_url":"https:\/\/esbozodeportivo.com","author_name":"Redacci\u00f3n","author_url":"https:\/\/esbozodeportivo.com\/index.php\/author\/redaccion\/","title":"Por gastroenteritis, hospitalizan a Mbapp\u00e9 - Esbozo Deportivo","type":"rich","width":600,"height":338,"html":"<blockquote class=\"wp-embedded-content\" data-secret=\"1r1u9PaOVS\"><a href=\"https:\/\/esbozodeportivo.com\/index.php\/2025\/06\/19\/por-gastroenteritis-hospitalizan-a-mbappe\/\">Por gastroenteritis, hospitalizan a Mbapp\u00e9<\/a><\/blockquote><iframe sandbox=\"allow-scripts\" security=\"restricted\" src=\"https:\/\/esbozodeportivo.com\/index.php\/2025\/06\/19\/por-gastroenteritis-hospitalizan-a-mbappe\/embed\/#?secret=1r1u9PaOVS\" width=\"600\" height=\"338\" title=\"&#8220;Por gastroenteritis, hospitalizan a Mbapp\u00e9&#8221; &#8212; Esbozo Deportivo\" data-secret=\"1r1u9PaOVS\" frameborder=\"0\" marginwidth=\"0\" marginheight=\"0\" scrolling=\"no\" class=\"wp-embedded-content\"><\/iframe><script type=\"text\/javascript\">\n\/* <![CDATA[ *\/\n\/*! This file is auto-generated *\/\n!function(d,l){\"use strict\";l.querySelector&&d.addEventListener&&\"undefined\"!=typeof URL&&(d.wp=d.wp||{},d.wp.receiveEmbedMessage||(d.wp.receiveEmbedMessage=function(e){var t=e.data;if((t||t.secret||t.message||t.value)&&!\/[^a-zA-Z0-9]\/.test(t.secret)){for(var s,r,n,a=l.querySelectorAll('iframe[data-secret=\"'+t.secret+'\"]'),o=l.querySelectorAll('blockquote[data-secret=\"'+t.secret+'\"]'),c=new RegExp(\"^https?:$\",\"i\"),i=0;i<o.length;i++)o[i].style.display=\"none\";for(i=0;i<a.length;i++)s=a[i],e.source===s.contentWindow&&(s.removeAttribute(\"style\"),\"height\"===t.message?(1e3<(r=parseInt(t.value,10))?r=1e3:~~r<200&&(r=200),s.height=r):\"link\"===t.message&&(r=new URL(s.getAttribute(\"src\")),n=new URL(t.value),c.test(n.protocol))&&n.host===r.host&&l.activeElement===s&&(d.top.location.href=t.value))}},d.addEventListener(\"message\",d.wp.receiveEmbedMessage,!1),l.addEventListener(\"DOMContentLoaded\",function(){for(var e,t,s=l.querySelectorAll(\"iframe.wp-embedded-content\"),r=0;r<s.length;r++)(t=(e=s[r]).getAttribute(\"data-secret\"))||(t=Math.random().toString(36).substring(2,12),e.src+=\"#?secret=\"+t,e.setAttribute(\"data-secret\",t)),e.contentWindow.postMessage({message:\"ready\",secret:t},\"*\")},!1)))}(window,document);\n\/\/# sourceURL=https:\/\/esbozodeportivo.com\/wp-includes\/js\/wp-embed.min.js\n\/* ]]> *\/\n<\/script>\n","thumbnail_url":"https:\/\/esbozodeportivo.com\/wp-content\/uploads\/2025\/06\/Mundial.png","thumbnail_width":980,"thumbnail_height":653,"description":"El entrenador Xabi Alonso expres\u00f3 tras el partido del mi\u00e9rcoles que esperaba que el internacional franc\u00e9s estuviera disponible para el pr\u00f3ximo partido del domingo contra Pachuca. Sin embargo, su hospitalizaci\u00f3n genera dudas sobre el papel que podr\u00eda desempe\u00f1ar en el torneo de un mes de duraci\u00f3n en Estados Unidos."}

Redacción

Por gastroenteritis, hospitalizan a Mbappé - Esbozo Deportivo

<blockquote class="wp-embedded-content" data-secret="1r1u9PaOVS"><a href="https://esbozodeportivo.com/index.php/2025/06/19/por-gastroenteritis-hospitalizan-a-mbappe/">Por gastroenteritis, hospitalizan a Mbappé</a></blockquote><iframe sandbox="allow-scripts" security="restricted" src="https://esbozodeportivo.com/index.php/2025/06/19/por-gastroenteritis-hospitalizan-a-mbappe/embed/#?secret=1r1u9PaOVS" width="600" height="338" title="&#8220;Por gastroenteritis, hospitalizan a Mbappé&#8221; &#8212; Esbozo Deportivo" data-secret="1r1u9PaOVS" frameborder="0" marginwidth="0" marginheight="0" scrolling="no" class="wp-embedded-content"></iframe><script type="text/javascript">
/* <![CDATA[ */
/*! This file is auto-generated */
!function(d,l){"use strict";l.querySelector&&d.addEventListener&&"undefined"!=typeof URL&&(d.wp=d.wp||{},d.wp.receiveEmbedMessage||(d.wp.receiveEmbedMessage=function(e){var t=e.data;if((t||t.secret||t.message||t.value)&&!/[^a-zA-Z0-9]/.test(t.secret)){for(var s,r,n,a=l.querySelectorAll('iframe[data-secret="'+t.secret+'"]'),o=l.querySelectorAll('blockquote[data-secret="'+t.secret+'"]'),c=new RegExp("^https?:$","i"),i=0;i<o.length;i++)o[i].style.display="none";for(i=0;i<a.length;i++)s=a[i],e.source===s.contentWindow&&(s.removeAttribute("style"),"height"===t.message?(1e3<(r=parseInt(t.value,10))?r=1e3:~~r<200&&(r=200),s.height=r):"link"===t.message&&(r=new URL(s.getAttribute("src")),n=new URL(t.value),c.test(n.protocol))&&n.host===r.host&&l.activeElement===s&&(d.top.location.href=t.value))}},d.addEventListener("message",d.wp.receiveEmbedMessage,!1),l.addEventListener("DOMContentLoaded",function(){for(var e,t,s=l.querySelectorAll("iframe.wp-embedded-content"),r=0;r<s.length;r++)(t=(e=s[r]).getAttribute("data-secret"))||(t=Math.random().toString(36).substring(2,12),e.src+="#?secret="+t,e.setAttribute("data-secret",t)),e.contentWindow.postMessage({message:"ready",secret:t},"*")},!1)))}(window,document);
//# sourceURL=https://esbozodeportivo.com/wp-includes/js/wp-embed.min.js
/* ]]> */
</script>

El entrenador Xabi Alonso expresó tras el partido del miércoles que esperaba que el internacional francés estuviera disponible para el próximo partido del domingo contra Pachuca. Sin embargo, su hospitalización genera dudas sobre el papel que podría desempeñar en el torneo de un mes de duración en Estados Unidos.
