{"version":"1.0","provider_name":"Esbozo Deportivo","provider_url":"https:\/\/esbozodeportivo.com","author_name":"Redacci\u00f3n","author_url":"https:\/\/esbozodeportivo.com\/index.php\/author\/redaccion\/","title":"Jaxson Dart ser\u00e1 titular frente a Cargadores - Esbozo Deportivo","type":"rich","width":600,"height":338,"html":"<blockquote class=\"wp-embedded-content\" data-secret=\"VLFbLWn0EO\"><a href=\"https:\/\/esbozodeportivo.com\/index.php\/2025\/09\/23\/jaxson-dart-sera-titular-frente-a-cargadores\/\">Jaxson Dart ser\u00e1 titular frente a Cargadores<\/a><\/blockquote><iframe sandbox=\"allow-scripts\" security=\"restricted\" src=\"https:\/\/esbozodeportivo.com\/index.php\/2025\/09\/23\/jaxson-dart-sera-titular-frente-a-cargadores\/embed\/#?secret=VLFbLWn0EO\" width=\"600\" height=\"338\" title=\"&#8220;Jaxson Dart ser\u00e1 titular frente a Cargadores&#8221; &#8212; Esbozo Deportivo\" data-secret=\"VLFbLWn0EO\" frameborder=\"0\" marginwidth=\"0\" marginheight=\"0\" scrolling=\"no\" class=\"wp-embedded-content\"><\/iframe><script type=\"text\/javascript\">\n\/* <![CDATA[ *\/\n\/*! This file is auto-generated *\/\n!function(d,l){\"use strict\";l.querySelector&&d.addEventListener&&\"undefined\"!=typeof URL&&(d.wp=d.wp||{},d.wp.receiveEmbedMessage||(d.wp.receiveEmbedMessage=function(e){var t=e.data;if((t||t.secret||t.message||t.value)&&!\/[^a-zA-Z0-9]\/.test(t.secret)){for(var s,r,n,a=l.querySelectorAll('iframe[data-secret=\"'+t.secret+'\"]'),o=l.querySelectorAll('blockquote[data-secret=\"'+t.secret+'\"]'),c=new RegExp(\"^https?:$\",\"i\"),i=0;i<o.length;i++)o[i].style.display=\"none\";for(i=0;i<a.length;i++)s=a[i],e.source===s.contentWindow&&(s.removeAttribute(\"style\"),\"height\"===t.message?(1e3<(r=parseInt(t.value,10))?r=1e3:~~r<200&&(r=200),s.height=r):\"link\"===t.message&&(r=new URL(s.getAttribute(\"src\")),n=new URL(t.value),c.test(n.protocol))&&n.host===r.host&&l.activeElement===s&&(d.top.location.href=t.value))}},d.addEventListener(\"message\",d.wp.receiveEmbedMessage,!1),l.addEventListener(\"DOMContentLoaded\",function(){for(var e,t,s=l.querySelectorAll(\"iframe.wp-embedded-content\"),r=0;r<s.length;r++)(t=(e=s[r]).getAttribute(\"data-secret\"))||(t=Math.random().toString(36).substring(2,12),e.src+=\"#?secret=\"+t,e.setAttribute(\"data-secret\",t)),e.contentWindow.postMessage({message:\"ready\",secret:t},\"*\")},!1)))}(window,document);\n\/\/# sourceURL=https:\/\/esbozodeportivo.com\/wp-includes\/js\/wp-embed.min.js\n\/* ]]> *\/\n<\/script>\n","thumbnail_url":"https:\/\/esbozodeportivo.com\/wp-content\/uploads\/2025\/09\/NFL-2.jpg","thumbnail_width":980,"thumbnail_height":653,"description":"Varios fan\u00e1ticos de los Gigantes de Nueva York en el Meadowlands clamaron el domingo por el ingreso de Jaxson Dart despu\u00e9s de que el quarterback Russell Wilson lanzara una intercepci\u00f3n en la que fue la tercera derrota consecutiva para comenzar la temporada."}

Redacción

Jaxson Dart será titular frente a Cargadores - Esbozo Deportivo

<blockquote class="wp-embedded-content" data-secret="VLFbLWn0EO"><a href="https://esbozodeportivo.com/index.php/2025/09/23/jaxson-dart-sera-titular-frente-a-cargadores/">Jaxson Dart será titular frente a Cargadores</a></blockquote><iframe sandbox="allow-scripts" security="restricted" src="https://esbozodeportivo.com/index.php/2025/09/23/jaxson-dart-sera-titular-frente-a-cargadores/embed/#?secret=VLFbLWn0EO" width="600" height="338" title="&#8220;Jaxson Dart será titular frente a Cargadores&#8221; &#8212; Esbozo Deportivo" data-secret="VLFbLWn0EO" frameborder="0" marginwidth="0" marginheight="0" scrolling="no" class="wp-embedded-content"></iframe><script type="text/javascript">
/* <![CDATA[ */
/*! This file is auto-generated */
!function(d,l){"use strict";l.querySelector&&d.addEventListener&&"undefined"!=typeof URL&&(d.wp=d.wp||{},d.wp.receiveEmbedMessage||(d.wp.receiveEmbedMessage=function(e){var t=e.data;if((t||t.secret||t.message||t.value)&&!/[^a-zA-Z0-9]/.test(t.secret)){for(var s,r,n,a=l.querySelectorAll('iframe[data-secret="'+t.secret+'"]'),o=l.querySelectorAll('blockquote[data-secret="'+t.secret+'"]'),c=new RegExp("^https?:$","i"),i=0;i<o.length;i++)o[i].style.display="none";for(i=0;i<a.length;i++)s=a[i],e.source===s.contentWindow&&(s.removeAttribute("style"),"height"===t.message?(1e3<(r=parseInt(t.value,10))?r=1e3:~~r<200&&(r=200),s.height=r):"link"===t.message&&(r=new URL(s.getAttribute("src")),n=new URL(t.value),c.test(n.protocol))&&n.host===r.host&&l.activeElement===s&&(d.top.location.href=t.value))}},d.addEventListener("message",d.wp.receiveEmbedMessage,!1),l.addEventListener("DOMContentLoaded",function(){for(var e,t,s=l.querySelectorAll("iframe.wp-embedded-content"),r=0;r<s.length;r++)(t=(e=s[r]).getAttribute("data-secret"))||(t=Math.random().toString(36).substring(2,12),e.src+="#?secret="+t,e.setAttribute("data-secret",t)),e.contentWindow.postMessage({message:"ready",secret:t},"*")},!1)))}(window,document);
//# sourceURL=https://esbozodeportivo.com/wp-includes/js/wp-embed.min.js
/* ]]> */
</script>

Varios fanáticos de los Gigantes de Nueva York en el Meadowlands clamaron el domingo por el ingreso de Jaxson Dart después de que el quarterback Russell Wilson lanzara una intercepción en la que fue la tercera derrota consecutiva para comenzar la temporada.
