{"version":"1.0","provider_name":"Esbozo Deportivo","provider_url":"https:\/\/esbozodeportivo.com","author_name":"Redacci\u00f3n","author_url":"https:\/\/esbozodeportivo.com\/index.php\/author\/redaccion\/","title":"Federer, favorito al Sal\u00f3n de la Fama - Esbozo Deportivo","type":"rich","width":600,"height":338,"html":"<blockquote class=\"wp-embedded-content\" data-secret=\"cUvnIbYVNo\"><a href=\"https:\/\/esbozodeportivo.com\/index.php\/2025\/10\/01\/federer-favorito-al-salon-de-la-fama\/\">Federer, favorito al Sal\u00f3n de la Fama<\/a><\/blockquote><iframe sandbox=\"allow-scripts\" security=\"restricted\" src=\"https:\/\/esbozodeportivo.com\/index.php\/2025\/10\/01\/federer-favorito-al-salon-de-la-fama\/embed\/#?secret=cUvnIbYVNo\" width=\"600\" height=\"338\" title=\"&#8220;Federer, favorito al Sal\u00f3n de la Fama&#8221; &#8212; Esbozo Deportivo\" data-secret=\"cUvnIbYVNo\" frameborder=\"0\" marginwidth=\"0\" marginheight=\"0\" scrolling=\"no\" class=\"wp-embedded-content\"><\/iframe><script type=\"text\/javascript\">\n\/* <![CDATA[ *\/\n\/*! This file is auto-generated *\/\n!function(d,l){\"use strict\";l.querySelector&&d.addEventListener&&\"undefined\"!=typeof URL&&(d.wp=d.wp||{},d.wp.receiveEmbedMessage||(d.wp.receiveEmbedMessage=function(e){var t=e.data;if((t||t.secret||t.message||t.value)&&!\/[^a-zA-Z0-9]\/.test(t.secret)){for(var s,r,n,a=l.querySelectorAll('iframe[data-secret=\"'+t.secret+'\"]'),o=l.querySelectorAll('blockquote[data-secret=\"'+t.secret+'\"]'),c=new RegExp(\"^https?:$\",\"i\"),i=0;i<o.length;i++)o[i].style.display=\"none\";for(i=0;i<a.length;i++)s=a[i],e.source===s.contentWindow&&(s.removeAttribute(\"style\"),\"height\"===t.message?(1e3<(r=parseInt(t.value,10))?r=1e3:~~r<200&&(r=200),s.height=r):\"link\"===t.message&&(r=new URL(s.getAttribute(\"src\")),n=new URL(t.value),c.test(n.protocol))&&n.host===r.host&&l.activeElement===s&&(d.top.location.href=t.value))}},d.addEventListener(\"message\",d.wp.receiveEmbedMessage,!1),l.addEventListener(\"DOMContentLoaded\",function(){for(var e,t,s=l.querySelectorAll(\"iframe.wp-embedded-content\"),r=0;r<s.length;r++)(t=(e=s[r]).getAttribute(\"data-secret\"))||(t=Math.random().toString(36).substring(2,12),e.src+=\"#?secret=\"+t,e.setAttribute(\"data-secret\",t)),e.contentWindow.postMessage({message:\"ready\",secret:t},\"*\")},!1)))}(window,document);\n\/\/# sourceURL=https:\/\/esbozodeportivo.com\/wp-includes\/js\/wp-embed.min.js\n\/* ]]> *\/\n<\/script>\n","thumbnail_url":"https:\/\/esbozodeportivo.com\/wp-content\/uploads\/2025\/10\/Champions.jpg","thumbnail_width":1440,"thumbnail_height":1047,"description":"Roger Federer encabeza la lista de nominados para la clase 2026 del Sal\u00f3n de la Fama del Tenis Internacional. La leyenda suiza fue el primer hombre en conquistar 20 t\u00edtulos de Grand Slam en individuales e inaugur\u00f3 una era de grandeza sin precedentes junto a sus j\u00f3venes rivales Rafael Nadal y Novak Djokovic."}

Redacción

Federer, favorito al Salón de la Fama - Esbozo Deportivo

<blockquote class="wp-embedded-content" data-secret="cUvnIbYVNo"><a href="https://esbozodeportivo.com/index.php/2025/10/01/federer-favorito-al-salon-de-la-fama/">Federer, favorito al Salón de la Fama</a></blockquote><iframe sandbox="allow-scripts" security="restricted" src="https://esbozodeportivo.com/index.php/2025/10/01/federer-favorito-al-salon-de-la-fama/embed/#?secret=cUvnIbYVNo" width="600" height="338" title="&#8220;Federer, favorito al Salón de la Fama&#8221; &#8212; Esbozo Deportivo" data-secret="cUvnIbYVNo" frameborder="0" marginwidth="0" marginheight="0" scrolling="no" class="wp-embedded-content"></iframe><script type="text/javascript">
/* <![CDATA[ */
/*! This file is auto-generated */
!function(d,l){"use strict";l.querySelector&&d.addEventListener&&"undefined"!=typeof URL&&(d.wp=d.wp||{},d.wp.receiveEmbedMessage||(d.wp.receiveEmbedMessage=function(e){var t=e.data;if((t||t.secret||t.message||t.value)&&!/[^a-zA-Z0-9]/.test(t.secret)){for(var s,r,n,a=l.querySelectorAll('iframe[data-secret="'+t.secret+'"]'),o=l.querySelectorAll('blockquote[data-secret="'+t.secret+'"]'),c=new RegExp("^https?:$","i"),i=0;i<o.length;i++)o[i].style.display="none";for(i=0;i<a.length;i++)s=a[i],e.source===s.contentWindow&&(s.removeAttribute("style"),"height"===t.message?(1e3<(r=parseInt(t.value,10))?r=1e3:~~r<200&&(r=200),s.height=r):"link"===t.message&&(r=new URL(s.getAttribute("src")),n=new URL(t.value),c.test(n.protocol))&&n.host===r.host&&l.activeElement===s&&(d.top.location.href=t.value))}},d.addEventListener("message",d.wp.receiveEmbedMessage,!1),l.addEventListener("DOMContentLoaded",function(){for(var e,t,s=l.querySelectorAll("iframe.wp-embedded-content"),r=0;r<s.length;r++)(t=(e=s[r]).getAttribute("data-secret"))||(t=Math.random().toString(36).substring(2,12),e.src+="#?secret="+t,e.setAttribute("data-secret",t)),e.contentWindow.postMessage({message:"ready",secret:t},"*")},!1)))}(window,document);
//# sourceURL=https://esbozodeportivo.com/wp-includes/js/wp-embed.min.js
/* ]]> */
</script>

Roger Federer encabeza la lista de nominados para la clase 2026 del Salón de la Fama del Tenis Internacional. La leyenda suiza fue el primer hombre en conquistar 20 títulos de Grand Slam en individuales e inauguró una era de grandeza sin precedentes junto a sus jóvenes rivales Rafael Nadal y Novak Djokovic.
