{"version":"1.0","provider_name":"Esbozo Deportivo","provider_url":"https:\/\/esbozodeportivo.com","author_name":"Redacci\u00f3n","author_url":"https:\/\/esbozodeportivo.com\/index.php\/author\/redaccion\/","title":"Vonn, Shiffrin y Odermatt por el oro - Esbozo Deportivo","type":"rich","width":600,"height":338,"html":"<blockquote class=\"wp-embedded-content\" data-secret=\"3arBYFsCkq\"><a href=\"https:\/\/esbozodeportivo.com\/index.php\/2026\/01\/06\/vonn-shiffrin-y-odermatt-por-el-oro\/\">Vonn, Shiffrin y Odermatt por el oro<\/a><\/blockquote><iframe sandbox=\"allow-scripts\" security=\"restricted\" src=\"https:\/\/esbozodeportivo.com\/index.php\/2026\/01\/06\/vonn-shiffrin-y-odermatt-por-el-oro\/embed\/#?secret=3arBYFsCkq\" width=\"600\" height=\"338\" title=\"&#8220;Vonn, Shiffrin y Odermatt por el oro&#8221; &#8212; Esbozo Deportivo\" data-secret=\"3arBYFsCkq\" frameborder=\"0\" marginwidth=\"0\" marginheight=\"0\" scrolling=\"no\" class=\"wp-embedded-content\"><\/iframe><script type=\"text\/javascript\">\n\/* <![CDATA[ *\/\n\/*! This file is auto-generated *\/\n!function(d,l){\"use strict\";l.querySelector&&d.addEventListener&&\"undefined\"!=typeof URL&&(d.wp=d.wp||{},d.wp.receiveEmbedMessage||(d.wp.receiveEmbedMessage=function(e){var t=e.data;if((t||t.secret||t.message||t.value)&&!\/[^a-zA-Z0-9]\/.test(t.secret)){for(var s,r,n,a=l.querySelectorAll('iframe[data-secret=\"'+t.secret+'\"]'),o=l.querySelectorAll('blockquote[data-secret=\"'+t.secret+'\"]'),c=new RegExp(\"^https?:$\",\"i\"),i=0;i<o.length;i++)o[i].style.display=\"none\";for(i=0;i<a.length;i++)s=a[i],e.source===s.contentWindow&&(s.removeAttribute(\"style\"),\"height\"===t.message?(1e3<(r=parseInt(t.value,10))?r=1e3:~~r<200&&(r=200),s.height=r):\"link\"===t.message&&(r=new URL(s.getAttribute(\"src\")),n=new URL(t.value),c.test(n.protocol))&&n.host===r.host&&l.activeElement===s&&(d.top.location.href=t.value))}},d.addEventListener(\"message\",d.wp.receiveEmbedMessage,!1),l.addEventListener(\"DOMContentLoaded\",function(){for(var e,t,s=l.querySelectorAll(\"iframe.wp-embedded-content\"),r=0;r<s.length;r++)(t=(e=s[r]).getAttribute(\"data-secret\"))||(t=Math.random().toString(36).substring(2,12),e.src+=\"#?secret=\"+t,e.setAttribute(\"data-secret\",t)),e.contentWindow.postMessage({message:\"ready\",secret:t},\"*\")},!1)))}(window,document);\n\/\/# sourceURL=https:\/\/esbozodeportivo.com\/wp-includes\/js\/wp-embed.min.js\n\/* ]]> *\/\n<\/script>\n","thumbnail_url":"https:\/\/esbozodeportivo.com\/wp-content\/uploads\/2026\/01\/11f8e671-3f79-4170-a24e-34ac78c0180c.jpg","thumbnail_width":1440,"thumbnail_height":960,"description":"El esqu\u00ed alpino en su forma ol\u00edmpica se remonta a m\u00e1s de un siglo y el deporte hizo su debut en los Juegos de 1936 en Garmisch-Partenkirchen, Alemania. Los eventos han sido modificados a lo largo de los a\u00f1os, pero las competiciones individuales, conocidas por la mayor\u00eda de los aficionados, como el descenso y el eslalon, permanecen. Aqu\u00ed est\u00e1 lo que hay que saber sobre los Juegos Ol\u00edmpicos de Invierno en Italia el pr\u00f3ximo mes."}

Redacción

El esquí alpino en su forma olímpica se remonta a más de un siglo y el deporte hizo su debut en los Juegos de 1936 en Garmisch-Partenkirchen, Alemania. Los eventos han sido modificados a lo largo de los años, pero las competiciones individuales, conocidas por la mayoría de los aficionados, como el descenso y el eslalon, permanecen. Aquí está lo que hay que saber sobre los Juegos Olímpicos de Invierno en Italia el próximo mes.
