{"version":"1.0","provider_name":"Esbozo Deportivo","provider_url":"https:\/\/esbozodeportivo.com","author_name":"Redacci\u00f3n","author_url":"https:\/\/esbozodeportivo.com\/index.php\/author\/redaccion\/","title":"\"Lo he dado todo\u201d, reconoce del Toro* - Esbozo Deportivo","type":"rich","width":600,"height":338,"html":"<blockquote class=\"wp-embedded-content\" data-secret=\"rUQHLDEkKG\"><a href=\"https:\/\/esbozodeportivo.com\/index.php\/2026\/07\/19\/lo-he-dado-todo-reconoce-del-toro\/\">&#8220;Lo he dado todo\u201d, reconoce del Toro*<\/a><\/blockquote><iframe sandbox=\"allow-scripts\" security=\"restricted\" src=\"https:\/\/esbozodeportivo.com\/index.php\/2026\/07\/19\/lo-he-dado-todo-reconoce-del-toro\/embed\/#?secret=rUQHLDEkKG\" width=\"600\" height=\"338\" title=\"&#8220;&#8220;Lo he dado todo\u201d, reconoce del Toro*&#8221; &#8212; Esbozo Deportivo\" data-secret=\"rUQHLDEkKG\" frameborder=\"0\" marginwidth=\"0\" marginheight=\"0\" scrolling=\"no\" class=\"wp-embedded-content\"><\/iframe><script type=\"text\/javascript\">\n\/* <![CDATA[ *\/\n\/*! This file is auto-generated *\/\n!function(d,l){\"use strict\";l.querySelector&&d.addEventListener&&\"undefined\"!=typeof URL&&(d.wp=d.wp||{},d.wp.receiveEmbedMessage||(d.wp.receiveEmbedMessage=function(e){var t=e.data;if((t||t.secret||t.message||t.value)&&!\/[^a-zA-Z0-9]\/.test(t.secret)){for(var s,r,n,a=l.querySelectorAll('iframe[data-secret=\"'+t.secret+'\"]'),o=l.querySelectorAll('blockquote[data-secret=\"'+t.secret+'\"]'),c=new RegExp(\"^https?:$\",\"i\"),i=0;i<o.length;i++)o[i].style.display=\"none\";for(i=0;i<a.length;i++)s=a[i],e.source===s.contentWindow&&(s.removeAttribute(\"style\"),\"height\"===t.message?(1e3<(r=parseInt(t.value,10))?r=1e3:~~r<200&&(r=200),s.height=r):\"link\"===t.message&&(r=new URL(s.getAttribute(\"src\")),n=new URL(t.value),c.test(n.protocol))&&n.host===r.host&&l.activeElement===s&&(d.top.location.href=t.value))}},d.addEventListener(\"message\",d.wp.receiveEmbedMessage,!1),l.addEventListener(\"DOMContentLoaded\",function(){for(var e,t,s=l.querySelectorAll(\"iframe.wp-embedded-content\"),r=0;r<s.length;r++)(t=(e=s[r]).getAttribute(\"data-secret\"))||(t=Math.random().toString(36).substring(2,12),e.src+=\"#?secret=\"+t,e.setAttribute(\"data-secret\",t)),e.contentWindow.postMessage({message:\"ready\",secret:t},\"*\")},!1)))}(window,document);\n\/\/# sourceURL=https:\/\/esbozodeportivo.com\/wp-includes\/js\/wp-embed.min.js\n\/* ]]> *\/\n<\/script>\n","thumbnail_url":"https:\/\/esbozodeportivo.com\/wp-content\/uploads\/2026\/07\/0a78777c-8ae8-4f5d-bfb9-3e99f5f45a44.jpg","thumbnail_width":1280,"thumbnail_height":1600,"description":"El mexicano Isaac del Toro consider\u00f3 \"incre\u00edble\" que el esloveno Tadej Pogacar trabajara para \u00e9l en la d\u00e9cimo quinta etapa del Tour de Francia, que no gan\u00f3 porque, dijo, cometi\u00f3 algunos errores al final cuando se resinti\u00f3 de los dolores provocados por una ca\u00edda que sufri\u00f3 a falta de 23 kil\u00f3metros."}

Redacción

El mexicano Isaac del Toro consideró "increíble" que el esloveno Tadej Pogacar trabajara para él en la décimo quinta etapa del Tour de Francia, que no ganó porque, dijo, cometió algunos errores al final cuando se resintió de los dolores provocados por una caída que sufrió a falta de 23 kilómetros.
