{"version":"1.0","provider_name":"Esbozo Deportivo","provider_url":"https:\/\/esbozodeportivo.com","author_name":"Redacci\u00f3n","author_url":"https:\/\/esbozodeportivo.com\/index.php\/author\/redaccion\/","title":"Tuzos-Bravos abren la jornada - Esbozo Deportivo","type":"rich","width":600,"height":338,"html":"<blockquote class=\"wp-embedded-content\" data-secret=\"os2JHmueOp\"><a href=\"https:\/\/esbozodeportivo.com\/index.php\/2026\/09\/03\/tuzos-bravos-abren-la-jornada\/\">Tuzos-Bravos abren la jornada<\/a><\/blockquote><iframe sandbox=\"allow-scripts\" security=\"restricted\" src=\"https:\/\/esbozodeportivo.com\/index.php\/2026\/09\/03\/tuzos-bravos-abren-la-jornada\/embed\/#?secret=os2JHmueOp\" width=\"600\" height=\"338\" title=\"&#8220;Tuzos-Bravos abren la jornada&#8221; &#8212; Esbozo Deportivo\" data-secret=\"os2JHmueOp\" frameborder=\"0\" marginwidth=\"0\" marginheight=\"0\" scrolling=\"no\" class=\"wp-embedded-content\"><\/iframe><script type=\"text\/javascript\">\n\/* <![CDATA[ *\/\n\/*! This file is auto-generated *\/\n!function(d,l){\"use strict\";l.querySelector&&d.addEventListener&&\"undefined\"!=typeof URL&&(d.wp=d.wp||{},d.wp.receiveEmbedMessage||(d.wp.receiveEmbedMessage=function(e){var t=e.data;if((t||t.secret||t.message||t.value)&&!\/[^a-zA-Z0-9]\/.test(t.secret)){for(var s,r,n,a=l.querySelectorAll('iframe[data-secret=\"'+t.secret+'\"]'),o=l.querySelectorAll('blockquote[data-secret=\"'+t.secret+'\"]'),c=new RegExp(\"^https?:$\",\"i\"),i=0;i<o.length;i++)o[i].style.display=\"none\";for(i=0;i<a.length;i++)s=a[i],e.source===s.contentWindow&&(s.removeAttribute(\"style\"),\"height\"===t.message?(1e3<(r=parseInt(t.value,10))?r=1e3:~~r<200&&(r=200),s.height=r):\"link\"===t.message&&(r=new URL(s.getAttribute(\"src\")),n=new URL(t.value),c.test(n.protocol))&&n.host===r.host&&l.activeElement===s&&(d.top.location.href=t.value))}},d.addEventListener(\"message\",d.wp.receiveEmbedMessage,!1),l.addEventListener(\"DOMContentLoaded\",function(){for(var e,t,s=l.querySelectorAll(\"iframe.wp-embedded-content\"),r=0;r<s.length;r++)(t=(e=s[r]).getAttribute(\"data-secret\"))||(t=Math.random().toString(36).substring(2,12),e.src+=\"#?secret=\"+t,e.setAttribute(\"data-secret\",t)),e.contentWindow.postMessage({message:\"ready\",secret:t},\"*\")},!1)))}(window,document);\n\/\/# sourceURL=https:\/\/esbozodeportivo.com\/wp-includes\/js\/wp-embed.min.js\n\/* ]]> *\/\n<\/script>\n","thumbnail_url":"https:\/\/esbozodeportivo.com\/wp-content\/uploads\/2026\/09\/1334405f-d231-4453-a58b-d36e4a4c4c87.jpg","thumbnail_width":1200,"thumbnail_height":800,"description":"Los Tuzos de Pachuca del delantero venezolano Salom\u00f3n Rond\u00f3n visitar\u00e1 este viernes al Ju\u00e1rez FC del colombiano \u00d3scar Estupi\u00f1\u00e1n en el inicio de la s\u00e9ptima jornada del torneo Apertura del f\u00fatbol mexicano."}

Redacción

Los Tuzos de Pachuca del delantero venezolano Salomón Rondón visitará este viernes al Juárez FC del colombiano Óscar Estupiñán en el inicio de la séptima jornada del torneo Apertura del fútbol mexicano.
